{"id":8359,"date":"2025-05-27T13:42:48","date_gmt":"2025-05-27T13:42:48","guid":{"rendered":"https:\/\/gimm.pt\/people\/giulia-ghedini\/"},"modified":"2025-06-02T15:25:30","modified_gmt":"2025-06-02T15:25:30","slug":"giulia-ghedini","status":"publish","type":"people","link":"https:\/\/gimm.pt\/pt-pt\/people\/giulia-ghedini\/","title":{"rendered":"Giulia Ghedini"},"content":{"rendered":"","protected":false},"featured_media":1202,"template":"","positions":[77],"acf":{"gimm_id":"IGC101876","email":"giulia.ghedini@gimm.pt","tax_position":{"term_id":77,"name":"Group Leader","slug":"group-leader","term_group":0,"term_taxonomy_id":77,"taxonomy":"positions","description":"","parent":0,"count":42,"filter":"raw"},"group":{"term_id":44,"name":"Discovery","slug":"discovery","term_group":0,"term_taxonomy_id":44,"taxonomy":"infrastructure_group","description":"","parent":0,"count":808,"filter":"raw"},"laboratories":[{"ID":1306,"post_author":"1002","post_date":"2024-07-31 14:29:44","post_date_gmt":"2024-07-31 14:29:44","post_content":"<!-- wp:heading {\"level\":3,\"translatedWithWPMLTM\":\"1\"} -->\n<h3 class=\"wp-block-heading\">Ecologia funcional<\/h3>\n<!-- \/wp:heading --><!-- wp:paragraph -->\n<p><\/p>\n<!-- \/wp:paragraph --><!-- wp:paragraph {\"translatedWithWPMLTM\":\"1\"} -->\n<p>Todos os organismos consomem energia e recursos para viver, crescer e reproduzir-se. Estas transforma\u00e7\u00f5es de energia alimentam a produ\u00e7\u00e3o biol\u00f3gica e apoiam os processos do ecossistema que s\u00e3o fundamentais para a nossa vida, como a produ\u00e7\u00e3o de alimentos e de oxig\u00e9nio. O grupo de<strong> Ecologia Funcional<\/strong> tem como objetivo compreender de que forma o ambiente (contexto ecol\u00f3gico) regula a taxa de utiliza\u00e7\u00e3o de energia pelos organismos e identificar regras gerais para a forma como os processos dos organismos s\u00e3o escalonados para determinar o funcionamento dos ecossistemas.<\/p>\n<!-- \/wp:paragraph --><!-- wp:paragraph {\"translatedWithWPMLTM\":\"1\"} -->\n<p>O grupo trabalha com o fitopl\u00e2ncton como sistema modelo porque estas algas min\u00fasculas s\u00e3o intervenientes fundamentais na produtividade marinha e na absor\u00e7\u00e3o de carbono. Ao combinar manipula\u00e7\u00f5es experimentais de comunidades multi-esp\u00e9cies com fenotipagem metab\u00f3lica e m\u00e9todos da biologia evolutiva, o grupo aborda tr\u00eas quest\u00f5es principais:<\/p>\n<!-- \/wp:paragraph --><!-- wp:paragraph {\"translatedWithWPMLTM\":\"1\"} -->\n<p>1. <strong>Como \u00e9 que podemos explicar a recorr\u00eancia de padr\u00f5es de escala em escalas biol\u00f3gicas?<\/strong><\/p>\n<!-- \/wp:paragraph --><!-- wp:paragraph {\"translatedWithWPMLTM\":\"1\"} -->\n<p>Em muitas esp\u00e9cies, o metabolismo dos organismos \u00e9 escalonado de forma previs\u00edvel com o tamanho. Padr\u00f5es de escala semelhantes tamb\u00e9m ocorrem em comunidades inteiras, mas a sua origem permanece obscura. Estudamos a plasticidade metab\u00f3lica em organismos individuais e a sua regula\u00e7\u00e3o da densidade para explicar os padr\u00f5es de escala metab\u00f3lica e de crescimento em comunidades inteiras.<\/p>\n<!-- \/wp:paragraph --><!-- wp:paragraph {\"translatedWithWPMLTM\":\"1\"} -->\n<p>2. <strong>Podemos prever como \u00e9 que as caracter\u00edsticas metab\u00f3licas evoluem nas comunidades?<\/strong><\/p>\n<!-- \/wp:paragraph --><!-- wp:paragraph {\"translatedWithWPMLTM\":\"1\"} -->\n<p>As interac\u00e7\u00f5es entre esp\u00e9cies afectam a forma como os organismos absorvem e gastam os recursos, mas os resultados evolutivos das altera\u00e7\u00f5es metab\u00f3licas em comunidades multi-esp\u00e9cies permanecem pouco claros. Estudamos se a coevolu\u00e7\u00e3o com m\u00faltiplas esp\u00e9cies afecta previsivelmente o uso de energia dos organismos e as suas consequ\u00eancias para a coexist\u00eancia de esp\u00e9cies (parti\u00e7\u00e3o de nichos) e a produtividade da comunidade.<\/p>\n<!-- \/wp:paragraph --><!-- wp:paragraph {\"translatedWithWPMLTM\":\"1\"} -->\n<p>3. <strong>Quais s\u00e3o os mecanismos que est\u00e3o na base das altera\u00e7\u00f5es metab\u00f3licas?<\/strong><\/p>\n<!-- \/wp:paragraph --><!-- wp:paragraph {\"translatedWithWPMLTM\":\"1\"} -->\n<p>O fitopl\u00e2ncton interage estreitamente com outras c\u00e9lulas do fitopl\u00e2ncton e com as bact\u00e9rias a que est\u00e1 associado. O contacto c\u00e9lula-a-c\u00e9lula e as associa\u00e7\u00f5es fitopl\u00e2ncton-bact\u00e9ria s\u00e3o alguns dos mecanismos que podem afetar a capacidade competitiva e as taxas de utiliza\u00e7\u00e3o de energia de outras c\u00e9lulas fitoplanct\u00f3nicas. Estudamos as consequ\u00eancias ecol\u00f3gicas e evolutivas destes mecanismos no metabolismo do fitopl\u00e2ncton e a forma como s\u00e3o influenciados pela diversidade de esp\u00e9cies e pela variabilidade ambiental.<\/p>\n<!-- \/wp:paragraph --><!-- wp:paragraph {\"translatedWithWPMLTM\":\"1\"} -->\n<p>Atrav\u00e9s destas quest\u00f5es que abordam a mudan\u00e7a a tr\u00eas n\u00edveis de organiza\u00e7\u00e3o biol\u00f3gica - comunidades, popula\u00e7\u00f5es e indiv\u00edduos - o grupo estuda a rela\u00e7\u00e3o entre o funcionamento dos ecossistemas, as caracter\u00edsticas das esp\u00e9cies e os mecanismos que afectam os fluxos de energia a estas diferentes escalas.<\/p>\n<!-- \/wp:paragraph -->","post_title":"Laborat\u00f3rio Giulia Ghedini","post_excerpt":"","post_status":"private","comment_status":"closed","ping_status":"closed","post_password":"","post_name":"laboratorio-giulia-ghedini","to_ping":"","pinged":"","post_modified":"2024-08-02 13:59:17","post_modified_gmt":"2024-08-02 13:59:17","post_content_filtered":"","post_parent":0,"guid":"https:\/\/gimm.pt\/our-work\/laboratories\/laboratorio-giulia-ghedini\/","menu_order":0,"post_type":"lab","post_mime_type":"","comment_count":"0","filter":"raw"}],"order":"0","location":"oeiras","phone_extension":"","infrastructure":""},"_links":{"self":[{"href":"https:\/\/gimm.pt\/pt-pt\/wp-json\/wp\/v2\/people\/8359"}],"collection":[{"href":"https:\/\/gimm.pt\/pt-pt\/wp-json\/wp\/v2\/people"}],"about":[{"href":"https:\/\/gimm.pt\/pt-pt\/wp-json\/wp\/v2\/types\/people"}],"wp:featuredmedia":[{"embeddable":true,"href":"https:\/\/gimm.pt\/pt-pt\/wp-json\/wp\/v2\/media\/1202"}],"wp:attachment":[{"href":"https:\/\/gimm.pt\/pt-pt\/wp-json\/wp\/v2\/media?parent=8359"}],"wp:term":[{"taxonomy":"positions","embeddable":true,"href":"https:\/\/gimm.pt\/pt-pt\/wp-json\/wp\/v2\/positions?post=8359"}],"curies":[{"name":"wp","href":"https:\/\/api.w.org\/{rel}","templated":true}]}}

<!-- wp:heading {"level":3,"translatedWithWPMLTM":"1"} -->
<h3 class="wp-block-heading">Ecologia funcional</h3>
<!-- /wp:heading --><!-- wp:paragraph -->
<p></p>
<!-- /wp:paragraph --><!-- wp:paragraph {"translatedWithWPMLTM":"1"} -->
<p>Todos os organismos consomem energia e recursos para viver, crescer e reproduzir-se. Estas transformações de energia alimentam a produção biológica e apoiam os processos do ecossistema que são fundamentais para a nossa vida, como a produção de alimentos e de oxigénio. O grupo de<strong> Ecologia Funcional</strong> tem como objetivo compreender de que forma o ambiente (contexto ecológico) regula a taxa de utilização de energia pelos organismos e identificar regras gerais para a forma como os processos dos organismos são escalonados para determinar o funcionamento dos ecossistemas.</p>
<!-- /wp:paragraph --><!-- wp:paragraph {"translatedWithWPMLTM":"1"} -->
<p>O grupo trabalha com o fitoplâncton como sistema modelo porque estas algas minúsculas são intervenientes fundamentais na produtividade marinha e na absorção de carbono. Ao combinar manipulações experimentais de comunidades multi-espécies com fenotipagem metabólica e métodos da biologia evolutiva, o grupo aborda três questões principais:</p>
<!-- /wp:paragraph --><!-- wp:paragraph {"translatedWithWPMLTM":"1"} -->
<p>1. <strong>Como é que podemos explicar a recorrência de padrões de escala em escalas biológicas?</strong></p>
<!-- /wp:paragraph --><!-- wp:paragraph {"translatedWithWPMLTM":"1"} -->
<p>Em muitas espécies, o metabolismo dos organismos é escalonado de forma previsível com o tamanho. Padrões de escala semelhantes também ocorrem em comunidades inteiras, mas a sua origem permanece obscura. Estudamos a plasticidade metabólica em organismos individuais e a sua regulação da densidade para explicar os padrões de escala metabólica e de crescimento em comunidades inteiras.</p>
<!-- /wp:paragraph --><!-- wp:paragraph {"translatedWithWPMLTM":"1"} -->
<p>2. <strong>Podemos prever como é que as características metabólicas evoluem nas comunidades?</strong></p>
<!-- /wp:paragraph --><!-- wp:paragraph {"translatedWithWPMLTM":"1"} -->
<p>As interacções entre espécies afectam a forma como os organismos absorvem e gastam os recursos, mas os resultados evolutivos das alterações metabólicas em comunidades multi-espécies permanecem pouco claros. Estudamos se a coevolução com múltiplas espécies afecta previsivelmente o uso de energia dos organismos e as suas consequências para a coexistência de espécies (partição de nichos) e a produtividade da comunidade.</p>
<!-- /wp:paragraph --><!-- wp:paragraph {"translatedWithWPMLTM":"1"} -->
<p>3. <strong>Quais são os mecanismos que estão na base das alterações metabólicas?</strong></p>
<!-- /wp:paragraph --><!-- wp:paragraph {"translatedWithWPMLTM":"1"} -->
<p>O fitoplâncton interage estreitamente com outras células do fitoplâncton e com as bactérias a que está associado. O contacto célula-a-célula e as associações fitoplâncton-bactéria são alguns dos mecanismos que podem afetar a capacidade competitiva e as taxas de utilização de energia de outras células fitoplanctónicas. Estudamos as consequências ecológicas e evolutivas destes mecanismos no metabolismo do fitoplâncton e a forma como são influenciados pela diversidade de espécies e pela variabilidade ambiental.</p>
<!-- /wp:paragraph --><!-- wp:paragraph {"translatedWithWPMLTM":"1"} -->
<p>Através destas questões que abordam a mudança a três níveis de organização biológica - comunidades, populações e indivíduos - o grupo estuda a relação entre o funcionamento dos ecossistemas, as características das espécies e os mecanismos que afectam os fluxos de energia a estas diferentes escalas.</p>
<!-- /wp:paragraph -->

Laboratório Giulia Ghedini
